{"version":"1.0","provider_name":"CIBERBULLYING","provider_url":"https:\/\/www.ciberbullying.com\/cyberbullying","author_name":"PantallasAmigas","author_url":"https:\/\/www.ciberbullying.com\/cyberbullying\/author\/pantallasamigas\/","title":"De acosado a acosador s\u00f3lo hay una \"r\": las dos caras del bullying - CIBERBULLYING","type":"rich","width":600,"height":338,"html":"<blockquote class=\"wp-embedded-content\" data-secret=\"bzTz2e3cEe\"><a href=\"https:\/\/www.ciberbullying.com\/cyberbullying\/2019\/01\/25\/acosado-acosador-dos-caras-bullying\/\">De acosado a acosador s\u00f3lo hay una \u00abr\u00bb: las dos caras del bullying<\/a><\/blockquote><iframe sandbox=\"allow-scripts\" security=\"restricted\" src=\"https:\/\/www.ciberbullying.com\/cyberbullying\/2019\/01\/25\/acosado-acosador-dos-caras-bullying\/embed\/#?secret=bzTz2e3cEe\" width=\"600\" height=\"338\" title=\"\u00abDe acosado a acosador s\u00f3lo hay una \u00abr\u00bb: las dos caras del bullying\u00bb \u2014 CIBERBULLYING\" data-secret=\"bzTz2e3cEe\" frameborder=\"0\" marginwidth=\"0\" marginheight=\"0\" scrolling=\"no\" class=\"wp-embedded-content\"><\/iframe><script type=\"text\/javascript\">\n\/* <![CDATA[ *\/\n\/*! This file is auto-generated *\/\n!function(d,l){\"use strict\";l.querySelector&&d.addEventListener&&\"undefined\"!=typeof URL&&(d.wp=d.wp||{},d.wp.receiveEmbedMessage||(d.wp.receiveEmbedMessage=function(e){var t=e.data;if((t||t.secret||t.message||t.value)&&!\/[^a-zA-Z0-9]\/.test(t.secret)){for(var s,r,n,a=l.querySelectorAll('iframe[data-secret=\"'+t.secret+'\"]'),o=l.querySelectorAll('blockquote[data-secret=\"'+t.secret+'\"]'),c=new RegExp(\"^https?:$\",\"i\"),i=0;i<o.length;i++)o[i].style.display=\"none\";for(i=0;i<a.length;i++)s=a[i],e.source===s.contentWindow&&(s.removeAttribute(\"style\"),\"height\"===t.message?(1e3<(r=parseInt(t.value,10))?r=1e3:~~r<200&&(r=200),s.height=r):\"link\"===t.message&&(r=new URL(s.getAttribute(\"src\")),n=new URL(t.value),c.test(n.protocol))&&n.host===r.host&&l.activeElement===s&&(d.top.location.href=t.value))}},d.addEventListener(\"message\",d.wp.receiveEmbedMessage,!1),l.addEventListener(\"DOMContentLoaded\",function(){for(var e,t,s=l.querySelectorAll(\"iframe.wp-embedded-content\"),r=0;r<s.length;r++)(t=(e=s[r]).getAttribute(\"data-secret\"))||(t=Math.random().toString(36).substring(2,12),e.src+=\"#?secret=\"+t,e.setAttribute(\"data-secret\",t)),e.contentWindow.postMessage({message:\"ready\",secret:t},\"*\")},!1)))}(window,document);\n\/\/# sourceURL=https:\/\/www.ciberbullying.com\/cyberbullying\/wp-includes\/js\/wp-embed.min.js\n\/* ]]> *\/\n<\/script>\n","thumbnail_url":"https:\/\/www.ciberbullying.com\/cyberbullying\/wp-content\/uploads\/2019\/01\/Pedro-Garcia-Aguado-Ciberbullying-QueTalEnElCole.png","thumbnail_width":1137,"thumbnail_height":716,"description":"El \u00abhermano mayor\u00bb Pedro Garc\u00eda Aguado reconoce que ha vivido el\u00a0acoso escolar como v\u00edctima y acosador\u00a0 \u00ab\u00bfQu\u00e9 tal en el cole?\u00bb, una pregunta muy sencilla que puede esconder detr\u00e1s una nada f\u00e1cil respuesta. Muchas veces creemos que expresar algo en voz alta lo hace m\u00e1s real, mientras que si lo mantenemos escondido no se siente [&hellip;]"}

De acosado a acosador sólo hay una "r": las dos caras del bullying - CIBERBULLYING

<blockquote class="wp-embedded-content" data-secret="bzTz2e3cEe"><a href="https://www.ciberbullying.com/cyberbullying/2019/01/25/acosado-acosador-dos-caras-bullying/">De acosado a acosador sólo hay una «r»: las dos caras del bullying</a></blockquote><iframe sandbox="allow-scripts" security="restricted" src="https://www.ciberbullying.com/cyberbullying/2019/01/25/acosado-acosador-dos-caras-bullying/embed/#?secret=bzTz2e3cEe" width="600" height="338" title="«De acosado a acosador sólo hay una «r»: las dos caras del bullying» — CIBERBULLYING" data-secret="bzTz2e3cEe" frameborder="0" marginwidth="0" marginheight="0" scrolling="no" class="wp-embedded-content"></iframe><script type="text/javascript">
/* <![CDATA[ */
/*! This file is auto-generated */
!function(d,l){"use strict";l.querySelector&&d.addEventListener&&"undefined"!=typeof URL&&(d.wp=d.wp||{},d.wp.receiveEmbedMessage||(d.wp.receiveEmbedMessage=function(e){var t=e.data;if((t||t.secret||t.message||t.value)&&!/[^a-zA-Z0-9]/.test(t.secret)){for(var s,r,n,a=l.querySelectorAll('iframe[data-secret="'+t.secret+'"]'),o=l.querySelectorAll('blockquote[data-secret="'+t.secret+'"]'),c=new RegExp("^https?:$","i"),i=0;i<o.length;i++)o[i].style.display="none";for(i=0;i<a.length;i++)s=a[i],e.source===s.contentWindow&&(s.removeAttribute("style"),"height"===t.message?(1e3<(r=parseInt(t.value,10))?r=1e3:~~r<200&&(r=200),s.height=r):"link"===t.message&&(r=new URL(s.getAttribute("src")),n=new URL(t.value),c.test(n.protocol))&&n.host===r.host&&l.activeElement===s&&(d.top.location.href=t.value))}},d.addEventListener("message",d.wp.receiveEmbedMessage,!1),l.addEventListener("DOMContentLoaded",function(){for(var e,t,s=l.querySelectorAll("iframe.wp-embedded-content"),r=0;r<s.length;r++)(t=(e=s[r]).getAttribute("data-secret"))||(t=Math.random().toString(36).substring(2,12),e.src+="#?secret="+t,e.setAttribute("data-secret",t)),e.contentWindow.postMessage({message:"ready",secret:t},"*")},!1)))}(window,document);
//# sourceURL=https://www.ciberbullying.com/cyberbullying/wp-includes/js/wp-embed.min.js
/* ]]> */
</script>

El «hermano mayor» Pedro García Aguado reconoce que ha vivido el acoso escolar como víctima y acosador  «¿Qué tal en el cole?», una pregunta muy sencilla que puede esconder detrás una nada fácil respuesta. Muchas veces creemos que expresar algo en voz alta lo hace más real, mientras que si lo mantenemos escondido no se siente [&hellip;]
